 of 11?
True
Let k be -6*2/(-4) - -1. Suppose r - k*r = -84. Is r a multiple of 14?
True
Let y(j) = 6*j**3 - j**2 + j. Let o be y(1). Let z = -1 + -1. Let t = o + z. Is 4 a factor of t?
True
Let u = 53 - -22. Is 22 a factor of u?
False
Suppose -4*s + 0*s + 24 = 0. Suppose 2*d - l + 25 = s*d, -10 = -2*l. Suppose d = 4*n - 27. Is 8 a factor of n?
True
Let p(z) = z**3 + 4*z**2 - 5*z + 2. Let t be p(-5). Let h be t*3/6*0. Is (-1 + 12 - h) + -3 a multiple of 8?
True
Let q(p) be the third derivative of -p**6/60 - p**5/20 - p**4/24 - p**3/6 - p**2. Suppose -4*k + m = -0*m + 6, -4*m = -k + 6. Is q(k) even?
False
Suppose -3*g - 472 = -7*g. Is g a multiple of 30?
False
Let r = 51 - -142. Is r a multiple of 31?
False
Let g be (3 - -126) + (0 - -3). Suppose 5*y = g - 2. Is 16 a factor of y?
False
Let p = 86 + -62. Does 4 divide p?
True
Let k = 33 + 35. Suppose 2*x = 3*x - k. Suppose -3*r + x = r. Does 17 divide r?
True
Suppose 3 = 4*p - 5*p. Let c be -1*(9 - 0/3). Does 7 divide (c/6)/p*28?
True
Let b = 63 + -46. Does 17 divide b?
True
Suppose 0 = -2*s - 29 + 11. Let i = s + 62. Is 20 a factor of i?
False
Let l(c) = 14*c + 7. Does 21 divide l(4)?
True
Is (-57)/(-2) - (-12)/8 a multiple of 14?
False
Let s(t) = t**3 + 6*t**2 - 6*t + 7. Let h be s(-7). Suppose h = -6*g + 3*g + 27. Does 3 divide g?
True
Is (61/3)/(3 - (-24)/(-9)) a multiple of 6?
False
Suppose 5*r - 2*j - 42 = 0, 4*j - 22 = -3*r + 2*j. Let h = r + -5. Suppose 0 = h*v + 17 - 89. Is v a multiple of 12?
True
Suppose -4*o - 13 + 168 = -5*h, 0 = -2*o + 3*h + 77. Does 10 divide o?
True
Is 94 - (1/(-3) + 140/60) a multiple of 4?
True
Suppose 0 = 4*s - 3*s. Suppose s*p - 4*t = -3*p + 34, 0 = -3*p + 2*t + 38. Let r = p - -3. Is 17 a factor of r?
True
Suppose -2*z + 63 + 53 = 0. Is 10 a factor of z?
False
Suppose 0 = -a + 3*x + 39, x = 2*a - a - 29. Is a a multiple of 24?
True
Let c(p) = -7*p + 7. Let w be c(-9). Suppose -z - 4*z - 5*g = -w, -3*z + g = -42. Is z a multiple of 7?
True
Let a(t) = t**3 + 3*t**2 + 6*t - 7. Let j be a(3). Suppose r - j = 5*u, -16 + 80 = r - 4*u. Is r a multiple of 12?
True
Suppose -12 = -5*c + 3*c. Is c even?
True
Let i = -70 + 132. Is i a multiple of 31?
True
Let p = 13 - 9. Let m = -1 + p. Suppose 64 = m*n + n. Is n a multiple of 6?
False
Suppose 6*m - 797 = -107. Is 12 a factor of m?
False
Suppose 5*t - 4*l = -1440, 0 = -5*t - 4*l - 1456 + 56. Let d be t/(-16) + (-1)/(-4). Is d - 4 - (-4)/(-2) a multiple of 6?
True
Suppose f = 5*f. Let a be 4 + (-2 - f/2). Does 7 divide 17 + (-2 + a - -2)?
False
Let o(f) = 6*f - 44. Is o(23) a multiple of 16?
False
Suppose -5*p + 423 = 4*t, 0*t + 2*t - 244 = 4*p. Is 28 a factor of t?
True
Let j(y) = -3*y**3 - 6*y**2 - 7*y + 4. Let o(s) = -5*s**3 - 13*s**2 - 13*s + 8. Let u(x) = 7*j(x) - 4*o(x). Is 13 a factor of u(10)?
True
Let g(k) = 1. Let z(l) = l**2 + 5. Let v(j) = -6*g(j) + z(j). Let q be v(2). Suppose -q*p = -41 - 73. Does 13 divide p?
False
Let x(t) = 5*t + 6*t + 3*t - 5*t + 2. Is 20 a factor of x(2)?
True
Let n(k) = -k + 1. Let z be n(-8). Let x = -12 + z. Does 11 divide (2/1)/(x/(-33))?
True
Suppose -6*g + 3*g + 171 = 0. Suppose 0 = 5*n + 10, 3*n - g = -2*c - 3. Does 10 divide c?
True
Let s(h) = 2*h**3 - h**2 + h + 2. Let r = -6 + 8. Is s(r) a multiple of 13?
False
Let m(z) = z**3 + 4*z**2 - 3. Let n be m(-3). Let u be ((-5)/(-3))/5*n. Suppose -u*t = t - 120. Is t a multiple of 20?
True
Let k = 350 + -160. Suppose 0 = -2*w - 4*x + k, 3*x - 92 = -w + 4*x. Let r = w + -65. Is r a multiple of 11?
False
Let x = 9 - 6. Suppose -39 = -y + v, -4*y + 195 = y - x*v. Is y a multiple of 13?
True
Let t be (2 - -4)*(-1)/(-2). Is (t - 4) + (18 - 2) a multiple of 5?
True
Let c be ((-11)/(-11))/(1/3). Let i be c - (1 + -1) - -2. Suppose y - 4*y + 42 = 5*d, i*y + 2*d - 70 = 0. Is 4 a factor of y?
False
Let m = -55 - -98. Is 13 a factor of m?
False
Suppose 5*n - 107 + 17 = 0. Let v = n - -10. Does 24 divide v?
False
Let k = 2 - -5. Let n = -3 + k. Suppose 3*c + 19 = n*c. Does 12 divide c?
False
Let x = 137 + -247. Let c = 188 + x. Is 27 a factor of c?
False
Suppose 0*f + 2*f - 2 = 0. Is 2 + 11 + (f - 2) a multiple of 11?
False
Let w(g) = 18*g**3 + 3*g**2 - 4*g + 3. Let t(s) = -36*s**3 - 7*s**2 + 9*s - 7. Let b(o) = -3*t(o) - 7*w(o). Is 13 a factor of b(-1)?
False
Let m = 3 + 0. Suppose 3*g + 2*k = 13, m*k = -5*g + 12 + 11. Is 7 a factor of g?
True
Suppose 4*s + 2 - 14 = 0. Suppose -2 - 94 = -s*c. Is c a multiple of 20?
False
Suppose -2*r + 899 = 5*k, 2*k - 4*r - 466 = -116. Is 33 a factor of k?
False
Let j(s) = s**2 - 9*s - 5. Suppose 45 = 5*z - 5. Let h be j(z). Suppose -4*f - 2*c = -f - 134, 222 = h*f + 3*c. Does 21 divide f?
True
Let t be (0 - (-1 - 0))*5. Suppose 21 = 4*d + 3*n, t*d - 3*n - 12 = -2*n. Suppose -d*o + 102 = -o. Is o a multiple of 21?
False
Suppose -m + 0*m + 60 = -5*x, x + 111 = 2*m. Is 11 a factor of m?
True
Let z(k) = -4*k**2 + 5*k - 2. Let r = -3 - 0. Let a(p) = 5*p**2 - 6*p + 1. Let v(b) = r*a(b) - 4*z(b). Is v(4) a multiple of 5?
False
Let k = 8 - 5. Suppose k*n + 2*n = 20. Suppose -3*h + 24 = 2*u + n, -5*h - u + 24 = 0. Does 4 divide h?
True
Suppose -108 = -5*p + 3*p. Does 27 divide p?
True
Suppose -1 = 4*i - 3*i + 4*c, 5*c + 5 = 0. Suppose 2*k + 2*u - 6 = 10, -i*k + 2*u + 34 = 0. Is k a multiple of 3?
False
Suppose y = 4*c - 170, 4*y - 94 = -c - c. Is c a multiple of 33?
False
Let y = -20 + 60. Is 9 a factor of y?
False
Let r = 9 + 131. Does 14 divide r?
True
Suppose -1 + 21 = -3*i + q, 2*i + 5*q = 15. Let n be 3/i - 386/(-10). Is 12 a factor of n/3 + (-4)/6?
True
Let k(i) be the second derivative of 1/12*i**4 - 1/2*i**2 + 0 + i - 13/20*i**5 + 0*i**3. Is 13 a factor of k(-1)?
True
Suppose -z - 2*p = 2*p + 4, -3*p - 6 = 0. Suppose 14 = -z*w - 10. Does 4 divide w/(-4)*(2 + 6)?
True
Suppose -3*k = -b - 89 + 34, b - 25 = -k. Let c = 28 - k. Is -28*(2 + (-30)/c) a multiple of 19?
False
Let t be (-5 - -7)*41/2. Suppose f = -2*f + 2*n + 79, f - t = -3*n. Is 12 a factor of f?
False
Let j = -11 + 42. Does 31 divide j?
True
Suppose 0 = -0*k - k. Suppose -5*h = -2*y + 12, k*y = -h - 4*y + 2. Is 9 a factor of 24*(h/6 - -1)?
False
Does 21 divide ((-16)/(-88) - (-40)/22) + 132?
False
Let q(m) = m**3 - 14*m + 1. Does 4 divide q(4)?
False
Let m(v) = -v - 5. Let b be m(-8). Let x(y) = -4*y**2 + 0*y**3 + 3*y + y**3 - 2*y**2 + 4 + 2*y**2. Is 4 a factor of x(b)?
True
Suppose 0 = 6*i + 144 - 834. Is i a multiple of 17?
False
Suppose 4*f = 16, -4*f + 2*f - 72 = -w. Does 20 divide w?
True
Let c(y) = -2*y + 4. Let o be c(-3). Suppose -2*p + 50 = 3*p. Is 20 a factor of (66/o)/(2/p)?
False
Let a(j) = 2*j**2 - j - 1. Let v be a(-3). Let s be v/8 - (-1)/2. Suppose s*b - 8*b + 65 = 0. Is b a multiple of 13?
True
Suppose 5*b + 500 = 5*g, -2*g + 3*b + 197 = 2*b. Is g a multiple of 7?
False
Let l(b) = 2*b**2 - 2*b + 15. Is 28 a factor of l(6)?
False
Let n = -14 + 26. Suppose -4 = -2*p - n. Let x(i) = 2*i**2 + 7*i + 4. Is x(p) a multiple of 4?
True
Suppose -l - 18 = 3*w, 2*w + w + 5*l = -30. Let r = w - -7. Suppose -5*y - 12 = -4*v, 0 = 4*v - v - r*y - 9. Is v a multiple of 3?
True
Let z be (0 + -1)/(4/(-8)). Let p(f) = -f**3 + 4*f**2 - 4*f + 3. Let h be p(2). Suppose u + z*u - 49 = -j, u - 23 = h*j. Is u a multiple of 17?
True
Let c = -6 - -9. Let t be c/12 + 38/8. Suppose -4*y - 28 - 22 = -t*f, 2*f = -5*y - 13. Is 4 a factor of f?
False
Let k be (-2)/8 - 57/12. Let s(n) = 17*n**2 + 15*n + 2. Let i(l) = 11*l**2 + 10*l + 1. Let u(t) = k*s(t) + 8*i(t). Is 13 a factor of u(-4)?
True
Let k(t) = -t**3 - 11*t**2 + 12*t + 18. Let z be k(-12). Suppose -3*o = z - 99. Does 9 divide o?
True
Let o be 213/9 + (-4)/(-3). Suppose 1 = -d + o. Is d a multiple of 12?
True
Suppose -4*q + 42 = -2*q. Does 3 divide q?
True
Let r be (-8)/((-1 - 3) + 2). Suppose -r*g = -2*g - 8. Does 4 divide 5 - (-2 + g + -1)?
True
Let w(i) = 8*i - 1. Let f(c) = 8*c - 2. Let h(t) = 6*f(t) - 5*w(t). Is 11 a factor of h(7)?
False
Let t(w) = -w**3 + 14*w**2 + 16*w - 4. Is t(-4) a multiple of 44?
True
Let y(o) = 3 - 2 + 0*o + 5*o - 3. Does 8 divide y(2)?
True
Suppose 1126 = 8*s + 118. Is 16 a factor of s?
False
Suppose 0 = -3*b - 1 + 10. Suppose b*p = 105 + 57. Is p a multiple of 18?
True
Suppose -20 = 2*l - 5*a, -4*l - l - 16 = -4*a. Suppose -h - 2*t + 26 = l, 5*h + 2*t - 124 = 14. Does 14 